4300 is divided by 8300.
0
Calculate the remainder when 349604 is divided by 51.
50
Calculate the remainder when 2019 is divided by 1907.
112
What is the remainder when 230244 is divided by 12791?
6
Calculate the remainder when 1044134 is divided by 629.
623
Calculate the remainder when 2662 is divided by 520.
62
Calculate the remainder when 74744 is divided by 79.
10
Calculate the remainder when 200573 is divided by 139.
135
What is the remainder when 37789 is divided by 18661?
467
What is the remainder when 74310 is divided by 33?
27
What is the remainder when 69084 is divided by 11?
4
Calculate the remainder when 30892 is divided by 82.
60
What is the remainder when 68689 is divided by 11446?
13
Calculate the remainder when 24198 is divided by 224.
6
What is the remainder when 2656127 is divided by 192?
191
Calculate the remainder when 2784 is divided by 214.
2
Calculate the remainder when 917759 is divided by 449.
3
What is the remainder when 181796 is divided by 17?
15
Calculate the remainder when 5998 is divided by 989.
64
Calculate the remainder when 102638 is divided by 341.
338
Calculate the remainder when 1011109 is divided by 447.
442
What is the remainder when 13547 is divided by 57?
38
What is the remainder when 332516 is divided by 9500?
16
Calculate the remainder when 5276997 is divided by 100.
97
What is the remainder when 16191 is divided by 460?
91
What is the remainder when 1641569 is divided by 13?
7
Calculate the remainder when 743 is divided by 727.
16
Calculate the remainder when 688812 is divided by 17.
6
What is the remainder when 417755 is divided by 1114?
5
What is the remainder when 12863 is divided by 55?
48
What is the remainder when 16423 is divided by 523?
210
Calculate the remainder when 3374 is divided by 156.
98
Calculate the remainder when 15545 is divided by 486.
479
Calculate the remainder when 76134 is divided by 769.
3
Calculate the remainder when 323817 is divided by 514.
511
Calculate the remainder when 52531 is divided by 27.
16
What is the remainder when 79220 is divided by 85?
0
Calculate the remainder when 125534 is divided by 50.
34
Calculate the remainder when 5620 is divided by 49.
34
Calculate the remainder when 458378 is divided by 58.
4
What is the remainder when 657 is divided by 24?
9
Calculate the remainder when 26741 is divided by 46.
15
Calculate the remainder when 11171 is divided by 1853.
53
Calculate the remainder when 33252 is divided by 188.
164
What is the remainder when 24712 is divided by 20?
12
Calculate the remainder when 26303 is divided by 253.
244
What is the remainder when 12125 is divided by 4040?
5
Calculate the remainder when 55758 is divided by 11150.
8
What is the remainder when 133052 is divided by 22172?
20
What is the remainder when 11870 is divided by 1190?
1160
What is the remainder when 175336 is divided by 91?
70
Calculate the remainder when 614 is divided by 230.
154
Calculate the remainder when 4441 is divided by 868.
101
Calculate the remainder when 1228 is divided by 147.
52
Calculate the remainder when 7954 is divided by 13.
11
What is the remainder when 6050 is divided by 919?
536
Calculate the remainder when 4817 is divided by 85.
57
What is the remainder when 62646 is divided by 7?
3
Calculate the remainder when 82750 is divided by 111.
55
Calculate the remainder when 76459 is divided by 275.
9
Calculate the remainder when 1603 is divided by 51.
22
Calculate the remainder when 1785 is divided by 182.
147
Calculate the remainder when 3772 is divided by 131.
104
Calculate the remainder when 555488 is divided by 279.
278
Calculate the remainder when 25798 is divided by 100.
98
Calculate the remainder when 48606 is divided by 32.
30
What is the remainder when 6765 is divided by 320?
45
Calculate the remainder when 106522 is divided by 670.
662
What is the remainder when 7240 is divided by 35?
30
Calculate the remainder when 15150 is divided by 15124.
26
Calculate the remainder when 176251 is divided by 149.
133
What is the remainder when 4393 is divided by 169?
168
What is the remainder when 2063101 is divided by 281?
280
Calculate the remainder when 767 is divided by 646.
121
What is the remainder when 44577 is divided by 1013?
5
What is the remainder when 40100 is divided by 422?
10
Calculate the remainder when 41582 is divided by 1094.
10
What is the remainder when 27606 is divided by 181?
94
Calculate the remainder when 18533 is divided by 7.
4
What is the remainder when 157299 is divided by 100?
99
Calculate the remainder when 39131 is divided by 8.
3
Calculate the remainder when 30351 is divided by 1124.
3
Calculate the remainder when 13868 is divided by 289.
285
Calculate the remainder when 16584 is divided by 5526.
6
What is the remainder when 1565 is divided by 749?
67
What is the remainder when 42307 is divided by 380?
127
Calculate the remainder when 85566 is divided by 460.
6
Calculate the remainder when 134311 is divided by 13429.
21
Calculate the remainder when 3542 is divided by 24.
14
What is the remainder when 26889 is divided by 597?
24
Calculate the remainder when 8934 is divided by 117.
42
What is the remainder when 3646 is divided by 53?
42
What is the remainder when 533 is divided by 100?
33
What is the remainder when 4014 is divided by 39?
36
What is the remainder when 3323 is divided by 597?
338
What is the remainder when 1242043 is divided by 155252?
27
What is the remainder when 81211 is divided by 27?
22
What is the remainder when 1739836 is divided by 64?
60
Calculate the remainder when 13172 is divided by 15.
2
What is the remainder when 43452 is divided by 87?
39
Calculate the remainder when 3152 is divided by 1564.
24
What is the remainder when 77306 is divided by 179?
157
What is the remainder when 362416 is divided by 6?
4
What is the remainder when 135873 is divided by 3235?
3
Calculate the remainder when 45519 is divided by 6.
3
Calculate the remainder when 440262 is divided by 193.
29
What is the remainder when 1276 is divided by 314?
20
Calculate the remainder when 56294 is divided by 3748.
74
What is the remainder when 49246 is divided by 435?
91
Calculate the remainder when 6628 is divided by 51.
49
Calculate the remainder when 4159 is divided by 669.
145
Calculate the remainder when 12924909 is divided by 538.
535
Calculate the remainder when 8086 is divided by 170.
96
Calculate the remainder when 2873654 is divided by 154.
14
Calculate the remainder when 3426 is divided by 426.
18
Calculate the remainder when 362525 is divided by 46.
45
Calculate the remainder when 626920 is divided by 18.
16
What is the remainder when 1210 is divided by 90?
40
What is the remainder when 13941 is divided by 118?
17
What is the remainder when 1155 is divided by 117?
102
Calculate the remainder when 5321 is divided by 2210.
901
Calculate the remainder when 6981 is divided by 3481.
19
What is the remainder when 423 is divided by 208?
7
What is the remainder when 16071 is divided by 402?
393
What is the remainder when 125488 is divided by 15682?
32
Calculate the remainder when 1639 is divided by 94.
41
What is the remainder when 44477 is divided by 1933?
18
What is the remainder when 569 is divided by 82?
77
What is the remainder when 550240 is divided by 29?
23
Calculate the remainder when 883946 is divided by 34.
14
Calculate the remainder when 254957 is divided by 80.
77
Calculate the remainder when 51259 is divided by 223.
192
What is the remainder when 11981 is divided by 58?
33
What is the remainder when 34358 is divided by 141?
95
What is the remainder when 4042 is divided by 21?
10
What is the remainder when 1617 is divided by 182?
161
What is the remainder when 7312 is divided by 127?
73
Calculate the remainder when 5827 is divided by 46.
31
What is the remainder when 1230903 is divided by 502?
501
Calculate the remainder when 1005 is divided by 492.
21
Calculate the remainder when 27147 is divided by 6.
3
Calculate the remainder when 2565 is divided by 2351.
214
What is the remainder when 50224 is divided by 1674?
4
Calculate the remainder when 962 is divided by 112.
66
Calculate the remainder when 3759 is divided by 1138.
345
What is the remainder when 86244 is divided by 112?
4
Calculate the remainder when 1022 is divided